39052291 prime?
False
Is 12670367 a composite number?
True
Is 186759163 a prime number?
True
Is 7072631 prime?
True
Is 214999373 a prime number?
True
Is 32164291 a composite number?
True
Is 18112579 a prime number?
False
Is 54994613 a prime number?
False
Is 1223026401 a composite number?
True
Is 2387221 a composite number?
False
Is 1819242127 a composite number?
False
Is 148349681 a composite number?
False
Is 3712043 prime?
True
Is 7510483 prime?
True
Is 5927453 composite?
True
Is 434756977 composite?
False
Is 81188663 a composite number?
True
Is 62856983 composite?
True
Is 592874201 prime?
False
Is 4199583 a prime number?
False
Is 3817717 composite?
False
Is 1264397 composite?
True
Is 1078961 a composite number?
True
Is 197672053 a composite number?
True
Is 17933759 prime?
False
Is 15888949 composite?
False
Is 18271739 a prime number?
False
Is 14733659 a composite number?
True
Is 30617251 a composite number?
True
Is 49249597 a prime number?
False
Is 71980751 a composite number?
True
Is 133987823 prime?
False
Is 788153 a prime number?
True
Is 166215851 a prime number?
False
Is 844571711 a prime number?
True
Is 37908053 a composite number?
True
Is 2864837 a composite number?
True
Is 196067 a composite number?
True
Is 214039 a composite number?
True
Is 1014984667 prime?
True
Is 22945595 prime?
False
Is 116204691 prime?
False
Is 8130373 prime?
True
Is 146586919 a prime number?
False
Is 79242563 a prime number?
True
Is 59550451 a composite number?
True
Is 9134051 composite?
True
Is 1065223 composite?
True
Is 20204203 a composite number?
False
Is 42517603 composite?
False
Is 7118813 a prime number?
False
Is 499805 a composite number?
True
Is 2555753 a composite number?
False
Is 134292979 a composite number?
True
Is 40932247 a composite number?
False
Is 3937637 a composite number?
True
Is 4812251 composite?
False
Is 17641549 a prime number?
False
Is 3075911 composite?
False
Is 32104643 composite?
True
Is 4167249 a composite number?
True
Is 1558381 composite?
True
Is 84350513 prime?
False
Is 226546321 composite?
False
Is 19314377 a composite number?
True
Is 1521269 prime?
True
Is 193114205 composite?
True
Is 30652183 a composite number?
True
Is 5665313 a composite number?
False
Is 62760965 composite?
True
Is 2161037 composite?
True
Is 37764931 composite?
True
Is 21633329 composite?
False
Is 5783627 a prime number?
False
Is 9322645 composite?
True
Is 167611471 prime?
False
Is 13797767 a prime number?
True
Is 1001446487 prime?
True
Is 5732435 prime?
False
Is 17589511 prime?
True
Is 123951603 a composite number?
True
Is 4719329 a prime number?
True
Is 265796081 prime?
True
Is 448541 prime?
False
Is 826377863 composite?
False
Is 3630097 composite?
False
Is 572251 prime?
True
Is 85911677 a prime number?
False
Is 875937 composite?
True
Is 56059961 a composite number?
False
Is 68925563 a prime number?
False
Is 13248929 composite?
False
Is 82196633 prime?
True
Is 45801971 prime?
True
Is 3036949 composite?
False
Is 1649707 a prime number?
True
Is 106835807 a prime number?
False
Is 9355909 composite?
True
Is 6615221 composite?
False
Is 1255560737 composite?
False
Is 10160809 a composite number?
True
Is 2632681 a composite number?
True
Is 114855163 a prime number?
True
Is 1171793661 a composite number?
True
Is 10967989 prime?
False
Is 1278327079 a composite number?
False
Is 14628769 a composite number?
True
Is 3277803 composite?
True
Is 47689597 prime?
False
Is 36073357 a composite number?
False
Is 14112757 a prime number?
True
Is 8948759 prime?
True
Is 20832127 prime?
False
Is 90830833 a composite number?
False
Is 6078983 prime?
True
Is 173853947 composite?
True
Is 2509343 a composite number?
True
Is 876749 composite?
False
Is 19356847 prime?
True
Is 2367119 prime?
True
Is 27129589 composite?
False
Is 34292351 composite?
False
Is 110304031 composite?
False
Is 53332163 a composite number?
True
Is 3946631 composite?
True
Is 322262737 a composite number?
True
Is 51779867 prime?
False
Is 141798301 a prime number?
True
Is 230411 a prime number?
False
Is 35458639 prime?
False
Is 9398299 a prime number?
True
Is 8762353 composite?
False
Is 109977353 prime?
False
Is 2644699 composite?
True
Is 58060423 a composite number?
True
Is 6215393 prime?
True
Is 3955961 composite?
True
Is 83935 composite?
True
Is 8251541 prime?
True
Is 22642931 composite?
False
Is 4693303 prime?
True
Is 10556783 prime?
False
Is 282299 composite?
False
Is 8196773 a prime number?
False
Is 521451361 composite?
True
Is 9085766 prime?
False
Is 72175277 a composite number?
False
Is 77756443 composite?
False
Is 529213 composite?
False
Is 964138613 a composite number?
True
Is 54500171 prime?
False
Is 63443533 a prime number?
False
Is 11436077 composite?
False
Is 16270781 a prime number?
False
Is 7715261 a composite number?
False
Is 13722055 a composite number?
True
Is 1542916721 prime?
True
Is 8375297 a composite number?
True
Is 12017161 composite?
True
Is 151082647 a composite number?
True
Is 6915247 composite?
False
Is 9251807 composite?
True
Is 1102349 prime?
False
Is 191567039 composite?
False
Is 708028589 a composite number?
False
Is 13104347 composite?
False
Is 34546021 a prime number?
False
Is 18113693 a prime number?
False
Is 31233797 composite?
True
Is 3705491 composite?
False
Is 222390505 a composite number?
True
Is 660719 a composite number?
False
Is 73137181 a prime number?
False
Is 17088241 composite?
True
Is 190748021 prime?
True
Is 7179311 prime?
False
Is 4712881 a prime number?
False
Is 36113759 composite?
True
Is 696809 a composite number?
False
Is 10508051 composite?
False
Is 14248855 a prime number?
False
Is 2608253 composite?
False
Is 6467533 composite?
False
Is 337261 a composite number?
False
Is 3431663 a composite number?
True
Is 8627603 a prime number?
True
Is 3583471 a prime number?
False
Is 61910137 composite?
True
Is 151237 composite?
False
Is 40591497 prime?
False
Is 6777803 composite?
False
Is 4563581 a composite number?
True
Is 42762427 a composite number?
True
Is 1616957 composite?
True
Is 1121329663 a prime number?
True
Is 31223947 a composite number?
False
Is 2321909 a prime number?
True
Is 19107059 prime?
False
Is 66367141 a prime number?
True
Is 47445491 a prime number?
False
Is 55514629 a prime number?
True
Is 3355117 composite?
True
Is 130546759 a composite number?
True
Is 22037339 a prime number?
True
Is 2355893 a composite number?
True
Is 14513855 a composite number?
True
Is 8508011 a prime number?
True
Is 1863889 prime?
True
Is 1626803 composite?
False
Is 3925897 composite?
False
Is 75145417 a composite number?
True
Is 40904687 composite?
True
Is 77686669 prime?
False
Is 1797877 prime?
True
Is 11205749 a composite number?
True
Is 2936957 a prime number?
True
Is 152461363 composite?
True
Is 265469183 prime?
False
Is 71765117 a prime number?
False
Is 369491627 a prime number?
True
Is 13125767 prime?
True
Is 298909915 a composite number?
True
Is 4882019 prime?
True
Is 55721707 composite?
False
Is 1004273243 prime?
False
Is 797699 a composite number?
True
Is 15752779 composite?
True
Is 561131357 prime?
True
Is 8759083 a composite number?
True
Is 59519743 composite?
False
Is 1573133 prime?
True
Is 714797 a prime number?
True
Is 9928921 composite?
True
Is 1161526 a prime number?
False
Is 14365487 composite?
False
Is 7736009 a prime number?
True
Is 254749 a prime number?
False
Is 166377539 a composite number?
True
Is 4545619 prime?
False
Is 982231 prime?
True
Is 1236701 a prime number?
True
Is 259717 a composite number?
False
Is 4210517 a composite number?
True
Is 3691783 composite?
False
Is 223394 a composite number?
True
Is 33170171 a composite number?
True
Is 5162353 prime?
False
Is 38293447 a prime number?
False
Is 198188113 a composite number?
False
Is 403169 a prime number?
False
Is 53676201 composite?
True
Is 46550917 a composite number?
True
Is 3553967 a composite number?
False
Is 13780031 a prime number?
False
Is 45288317 prime?
True
Is 5206277 composite?
True
Is 12792581 a prime number?
True
Is 1022429 prime?
True
Is 360125459 prime?
True
Is 20179129 composite?
False
Is 3382963 prime?
False
Is 19402267 composite?
True
Is 3895337 a prime number?
True
Is 110442557 a composite number?
True
Is 1478986 a prime number?
False
Is 31098289 composite?
False
Is 974384